 10677132 a multiple of 18?
True
Is 1794280 a multiple of 20?
True
Is 137104 a multiple of 324?
False
Is 99 a factor of 13919796?
True
Is 11498751 a multiple of 43?
False
Is 18244000 a multiple of 500?
True
Does 1371 divide 2681676?
True
Does 80 divide 794080?
True
Is 2031264 a multiple of 108?
True
Is 22 a factor of 7000466?
True
Is 12 a factor of 207119?
False
Is 313265 a multiple of 124?
False
Is 185251 a multiple of 86?
False
Does 145 divide 964462?
False
Is 119 a factor of 96071?
False
Does 143 divide 1379824?
False
Does 385 divide 316855?
True
Is 1673210 a multiple of 150?
False
Is 8626380 a multiple of 644?
True
Is 662904 a multiple of 99?
True
Does 91 divide 41769?
True
Is 50203 a multiple of 61?
True
Does 191 divide 2681258?
True
Does 45 divide 521505?
True
Is 28811 a multiple of 54?
False
Is 30132 a multiple of 12?
True
Does 15 divide 13160?
False
Does 21 divide 8888243?
False
Is 21 a factor of 4044201?
True
Is 11 a factor of 18613?
False
Is 7 a factor of 371482?
False
Does 103 divide 58960?
False
Does 70 divide 89074?
False
Does 10 divide 238180?
True
Is 12 a factor of 19944?
True
Is 11 a factor of 738738?
True
Does 33 divide 5812587?
True
Is 156 a factor of 158991?
False
Is 1935424 a multiple of 4?
True
Is 329 a factor of 2220750?
True
Does 12 divide 900?
True
Is 492 a factor of 179580?
True
Is 121 a factor of 101323?
False
Is 50 a factor of 259050?
True
Is 1164475 a multiple of 13?
True
Is 80 a factor of 22393?
False
Is 15 a factor of 661253?
False
Is 1019046 a multiple of 20?
False
Is 1894767 a multiple of 2?
False
Is 143 a factor of 21879?
True
Is 54 a factor of 898620?
False
Is 44554 a multiple of 20?
False
Is 1743744 a multiple of 152?
True
Is 1522596 a multiple of 93?
True
Is 7 a factor of 131089?
True
Is 310400 a multiple of 249?
False
Does 91 divide 38778?
False
Is 36 a factor of 342432?
True
Is 909675 a multiple of 117?
True
Does 124 divide 45260?
True
Is 1688040 a multiple of 60?
True
Is 950694 a multiple of 6?
True
Does 138 divide 306397?
False
Is 535654 a multiple of 35?
False
Is 41 a factor of 18369254?
False
Is 145455 a multiple of 45?
False
Does 8 divide 58208?
True
Is 144663 a multiple of 36?
False
Does 15 divide 355770?
True
Does 35 divide 447495?
False
Is 10 a factor of 281190?
True
Is 162 a factor of 1699667?
False
Is 62 a factor of 22961266?
True
Is 15 a factor of 340069?
False
Is 4060876 a multiple of 154?
False
Is 346 a factor of 2788331?
False
Is 28 a factor of 243898?
False
Does 51 divide 139026?
True
Does 7 divide 717290?
True
Is 20 a factor of 7703?
False
Is 102211 a multiple of 43?
True
Is 513 a factor of 540419?
False
Is 12 a factor of 333396?
True
Does 226 divide 2326839?
False
Is 40793 even?
False
Does 151 divide 229067?
True
Does 31 divide 163215?
True
Does 3 divide 16503?
True
Does 35 divide 4883324?
False
Is 19655805 a multiple of 980?
False
Does 69 divide 199272?
True
Is 8670779 a multiple of 266?
False
Does 2 divide 638934?
True
Is 190 a factor of 1123280?
True
Is 5 a factor of 235395?
True
Is 750 a factor of 8672914?
False
Does 12 divide 50422?
False
Does 1697 divide 2492352?
False
Is 184280 a multiple of 40?
True
Is 77644 a multiple of 21?
False
Does 800 divide 397600?
True
Does 548 divide 53156?
True
Is 64 a factor of 8794292?
False
Is 4413656 a multiple of 1135?
False
Is 74 a factor of 118104?
True
Is 5 a factor of 221685?
True
Does 13 divide 193986?
True
Is 680723 a multiple of 369?
False
Is 221 a factor of 97761?
False
Is 98 a factor of 62138?
False
Is 6111497 a multiple of 991?
True
Does 393 divide 2681046?
True
Does 259 divide 2201759?
True
Does 98 divide 1425998?
True
Does 13 divide 399866?
False
Is 15 a factor of 232245?
True
Is 271657 a multiple of 47?
False
Is 394095 a multiple of 45?
False
Is 29 a factor of 93512?
False
Is 156076 a multiple of 55?
False
Is 329 a factor of 9883489?
True
Is 141 a factor of 178929?
True
Is 84 a factor of 999180?
True
Is 599 a factor of 486987?
True
Does 13 divide 24672219?
True
Does 48 divide 115728?
True
Is 5 a factor of 5651585?
True
Does 591 divide 58334?
False
Does 29 divide 54781?
True
Does 569 divide 784247?
False
Does 117 divide 5997236?
False
Is 277200 a multiple of 45?
True
Does 5 divide 4258?
False
Is 15567097 a multiple of 169?
True
Does 122 divide 6642129?
False
Does 12 divide 92012?
False
Is 19 a factor of 262226?
False
Is 18 a factor of 1104506?
False
Is 1086828 a multiple of 176?
False
Does 15 divide 51675?
True
Does 477 divide 747442?
False
Does 9 divide 4240368?
True
Does 14 divide 1497818?
True
Is 22 a factor of 6934210?
False
Is 11029431 a multiple of 13?
False
Is 371456 a multiple of 8?
True
Is 64347 a multiple of 14?
False
Does 134 divide 1151730?
True
Is 579 a factor of 111361?
False
Is 10 a factor of 918075?
False
Is 104 a factor of 82767?
False
Does 1345 divide 3664357?
False
Is 366564 a multiple of 108?
False
Is 710 a factor of 492030?
True
Is 10 a factor of 326323?
False
Is 91843 a multiple of 29?
True
Does 77 divide 69762?
True
Is 192 a factor of 1696704?
True
Is 9 a factor of 704169?
True
Is 3420954 a multiple of 27?
True
Does 242 divide 212234?
True
Is 240 a factor of 7306434?
False
Is 660933 a multiple of 269?
True
Is 46 a factor of 282809?
False
Does 31 divide 2029188?
False
Does 8 divide 470761?
False
Is 367867 a multiple of 254?
False
Is 91 a factor of 1372840?
False
Does 74 divide 243830?
True
Is 1008 a factor of 55440?
True
Is 20 a factor of 1379302?
False
Does 3 divide 116661?
True
Is 18 a factor of 525318?
False
Is 984589 a multiple of 15?
False
Is 194 a factor of 80972?
False
Is 41 a factor of 2385783?
False
Is 187 a factor of 42583?
False
Is 11 a factor of 110695?
False
Does 2 divide 2695?
False
Is 103928 a multiple of 13?
False
Is 166430 a multiple of 103?
False
Is 496992 a multiple of 372?
True
Does 71 divide 363094?
True
Is 4518059 a multiple of 13?
True
Is 184456 a multiple of 28?
False
Does 5 divide 16720?
True
Is 33 a factor of 70785?
True
Is 667 a factor of 171964?
False
Is 899190 a multiple of 1368?
False
Is 2014194 a multiple of 238?
True
Is 360 a factor of 546840?
True
Does 362 divide 22242728?
True
Is 6182040 a multiple of 60?
True
Is 455 a factor of 4181905?
True
Is 48 a factor of 102816?
True
Is 14 a factor of 369725?
False
Does 61 divide 16769671?
False
Is 40 a factor of 15159?
False
Does 12 divide 7104?
True
Is 7 a factor of 1002561?
True
Is 5106736 a multiple of 184?
True
Is 1132286 a multiple of 166?
True
Does 27 divide 723174?
False
Is 25 a factor of 3032997?
False
Is 1317186 a multiple of 18?
True
Does 54 divide 59076?
True
Is 3066868 a multiple of 476?
True
Is 909623 a multiple of 13?
True
Does 10 divide 2809823?
False
Does 220 divide 71946?
False
Is 4952224 a multiple of 172?
True
Is 1310584 a multiple of 21?
False
Does 79 divide 868502?
False
Does 110 divide 1854137?
False
Is 6205542 a multiple of 14?
True
Does 94 divide 262135?
False
Is 30 a factor of 5413403?
False
Does 20 divide 125113?
False
Does 15 divide 182310?
True
Is 2 a factor of 7131?
False
Does 137 divide 1076546?
True
Is 233 a factor of 1395131?
False
Is 776169 a multiple of 51?
True
Is 9614 a multiple of 46?
True
Is 771912 a multiple of 59?
False
Is 154882 a multiple of 26?
True
Is 31088 a multiple of 67?
True
Is 190350 a multiple of 81?
True
Does 15 divide 5649?
False
Is 783589 even?
False
Does 342 divide 1196019?
False
Does 192 divide 113472?
True
Is 30 a factor of 66810?
True
Does 6 divide 1826340?
True
Is 210 a factor of 3494190?
True
Is 152082 a multiple of 20?
False
Is 19 a factor of 6193183?
True
Does 9 divide 12747?
False
Is 17704930 a multiple of 10?
True
Does 120 divide 1663919?
False
Is 640 a factor of 1912960?
True
Is 81783 a multiple of 27?
True
Is 32 a factor of 410023?
False
Is 95029 a multiple of 515?
False
Is 505 a factor of 3868899?
False
Is 43707 a multiple of 17?
True
Is 208 a factor of 1826656?
True
Is 27 a factor of 34857?
True
Does 161 divide 286756?
False
Is 199 a factor of 478446?
False
Is 454 a factor of 1629434?
False
Is 843 a factor of 8141694?
True
Does 17 divide 259105?
False
Is 2887665 a multiple of 85?
False
Is 1563300 a multiple of 60?
True
Does 17 divide 2360434?
False
Does 41 divide 74087?
True
Does 23 divide 6494984?
False
Does 54 divide 45143?
False
Is 17676 a multiple of 36?
True
Is 8227 